{"id":131,"date":"2025-01-30T19:07:18","date_gmt":"2025-01-30T18:07:18","guid":{"rendered":"https:\/\/bcu-reszel.pl\/?page_id=131"},"modified":"2025-01-31T21:29:21","modified_gmt":"2025-01-31T20:29:21","slug":"polityka-cookies","status":"publish","type":"page","link":"https:\/\/bcu-reszel.pl\/index.php\/polityka-cookies\/","title":{"rendered":"Polityka Cookies"},"content":{"rendered":"<p>[et_pb_section fb_built=&#8221;1&#8243; _builder_version=&#8221;4.27.4&#8243; _module_preset=&#8221;default&#8221; global_colors_info=&#8221;{}&#8221;][et_pb_row _builder_version=&#8221;4.27.4&#8243; _module_preset=&#8221;default&#8221; global_colors_info=&#8221;{}&#8221;][et_pb_column type=&#8221;4_4&#8243; _builder_version=&#8221;4.27.4&#8243; _module_preset=&#8221;default&#8221; global_colors_info=&#8221;{}&#8221;][et_pb_post_title meta=&#8221;off&#8221; _builder_version=&#8221;4.27.4&#8243; _module_preset=&#8221;default&#8221; global_colors_info=&#8221;{}&#8221;][\/et_pb_post_title][\/et_pb_column][\/et_pb_row][et_pb_row column_structure=&#8221;1_2,1_2&#8243; _builder_version=&#8221;4.27.4&#8243; _module_preset=&#8221;default&#8221; global_colors_info=&#8221;{}&#8221;][et_pb_column type=&#8221;1_2&#8243; _builder_version=&#8221;4.27.4&#8243; _module_preset=&#8221;default&#8221; global_colors_info=&#8221;{}&#8221;][et_pb_text _builder_version=&#8221;4.27.4&#8243; _module_preset=&#8221;default&#8221; global_colors_info=&#8221;{}&#8221;]<\/p>\n<p>Witaj na naszej stronie! Chcieliby\u015bmy podzieli\u0107 si\u0119 z Tob\u0105 pewnymi informacjami dotycz\u0105cymi plik\u00f3w cookie, kt\u00f3re wykorzystujemy, aby zapewni\u0107 Ci najlepsze do\u015bwiadczenie podczas korzystania z naszej witryny.<\/p>\n<p>Pliki cookie s\u0105 ma\u0142ymi plikami tekstowymi umieszczanymi na Twoim urz\u0105dzeniu podczas odwiedzania strony internetowej. Dzia\u0142a to podobnie jak magiczna r\u00f3\u017cd\u017cka, pomagaj\u0105c nam zrozumie\u0107 Twoje preferencje i dostosowa\u0107 nasz\u0105 stron\u0119 do Twoich potrzeb. Chcemy, aby\u015b czu\u0142 si\u0119 tutaj komfortowo i bezpiecznie, dlatego korzystamy z plik\u00f3w cookie w spos\u00f3b, kt\u00f3ry s\u0142u\u017cy przede wszystkim Tobie.<\/p>\n<p>Dzi\u0119ki plikom cookie mo\u017cemy dostarcza\u0107 spersonalizowane tre\u015bci, analizowa\u0107 ruch na stronie i zapewni\u0107 lepsze dostosowanie do Twoich zainteresowa\u0144. To dla nas kluczowe narz\u0119dzie, kt\u00f3re pomaga nam stale doskonali\u0107 nasz\u0105 witryn\u0119.<\/p>\n<p>Twoja prywatno\u015b\u0107 jest dla nas priorytetem, dlatego chcemy, aby\u015b wiedzia\u0142, \u017ce u\u017cywamy plik\u00f3w cookie tylko w celu poprawy jako\u015bci Twojego pobytu na naszej stronie. Nie u\u017cywamy ich do zbierania danych osobowych w spos\u00f3b, kt\u00f3ry narusza\u0142by Twoj\u0105 prywatno\u015b\u0107.<\/p>\n<p>W przypadku pyta\u0144 lub w\u0105tpliwo\u015bci, zapraszamy do zapoznania si\u0119 z nasz\u0105 pe\u0142n\u0105 Polityk\u0105 Cookies.\u00a0<\/p>\n<p>[\/et_pb_text][\/et_pb_column][et_pb_column type=&#8221;1_2&#8243; _builder_version=&#8221;4.27.4&#8243; _module_preset=&#8221;default&#8221; global_colors_info=&#8221;{}&#8221;][et_pb_text _builder_version=&#8221;4.27.4&#8243; _module_preset=&#8221;default&#8221; global_colors_info=&#8221;{}&#8221;]<\/p>\n<p><strong>\u00a0 \u00a01. Wprowadzenie<\/strong><br \/>Nasza strona internetowa, https:\/\/bcu-reszel.pl (dalej: \u201estrona internetowa\u201d) u\u017cywa plik\u00f3w cookie i innych powi\u0105zanych technologii (dla wygody wszystkie technologie s\u0105 okre\u015blane jako \u201epliki cookie\u201d). Pliki cookie s\u0105 r\u00f3wnie\u017c umieszczane przez strony zewn\u0119trzne. W poni\u017cszym dokumencie informujemy o korzystaniu z plik\u00f3w cookie na naszej stronie internetowej.<\/p>\n<p><strong>2. Czym s\u0105 ciasteczka?<\/strong><br \/>Plik cookie to niewielki prosty plik wysy\u0142any wraz ze stronami tej witryny i przechowywany przez przegl\u0105dark\u0119 na dysku twardym komputera lub innego urz\u0105dzenia. Informacje w nich przechowywane mog\u0105 zosta\u0107 zwr\u00f3cone na nasze serwery lub do serwer\u00f3w odpowiednich stron trzecich podczas kolejnej wizyty.<\/p>\n<p><strong>3. Czym s\u0105 skrypty?<\/strong><br \/>Skrypt to fragment kodu programu, kt\u00f3ry s\u0142u\u017cy do prawid\u0142owego i interaktywnego dzia\u0142ania naszej witryny. Ten kod jest wykonywany na naszym serwerze lub na twoim urz\u0105dzeniu.<\/p>\n<p><strong>4. Co to jest pixel tag?<\/strong><br \/>Web beacon (lub znacznik pikselowy) to ma\u0142y, niewidoczny fragment tekstu lub obrazu na stronie internetowej, kt\u00f3ry s\u0142u\u017cy do monitorowania ruchu na stronie internetowej. Aby to zrobi\u0107, r\u00f3\u017cne dane o tobie s\u0105 przechowywane przy u\u017cyciu web beacon\u00f3w.<\/p>\n<p><strong>5. Ciasteczka<\/strong><br \/><strong>5.1 Ciasteczka techniczne lub funkcjonalne<\/strong><\/p>\n<p>Niekt\u00f3re pliki cookie zapewniaj\u0105 prawid\u0142owe dzia\u0142anie niekt\u00f3rych cz\u0119\u015bci witryny i poznanie preferencji u\u017cytkownika. Umieszczaj\u0105c funkcjonalne pliki cookie, u\u0142atwiamy odwiedzanie naszej strony internetowej. W ten spos\u00f3b nie musisz wielokrotnie wprowadza\u0107 tych samych informacji podczas odwiedzania naszej strony internetowej i, na przyk\u0142ad, przedmioty pozostaj\u0105 w koszyku, dop\u00f3ki nie zap\u0142acisz. Mo\u017cemy umie\u015bci\u0107 te pliki cookie bez Twojej zgody.<\/p>\n<p><strong>5.2 Cookies analityczne<\/strong><\/p>\n<p>U\u017cywamy analitycznych plik\u00f3w cookie, aby zoptymalizowa\u0107 korzystanie ze strony internetowej dla naszych u\u017cytkownik\u00f3w. Dzi\u0119ki tym analitycznym plikom cookie uzyskujemy wgl\u0105d w korzystanie z naszej witryny. Prosimy o zgod\u0119 na umieszczanie analitycznych plik\u00f3w cookie.<\/p>\n<p><strong>5.3 Marketingowe \/ \u015bledz\u0105ce pliki cookies<\/strong><\/p>\n<p>Marketingowe \/ \u015bledz\u0105ce pliki cookies s\u0105 plikami cookies (lub innymi formami lokalnego przechowywania) u\u017cywanymi do stworzenia profilu u\u017cytkownika w celu wy\u015bwietlania mu reklam lub \u015bledzenia tego u\u017cytkownika na tej lub na kilku witrynach w podobnych celach marketingowych.<\/p>\n<p><strong>5.4 Media spo\u0142eczno\u015bciowe<\/strong><\/p>\n<p>Na naszej witrynie, mamy tre\u015bci z Facebook, WhatsApp i Instagram, \u017ceby promowa\u0107 poszczeg\u00f3lne strony (np. przyciski &#8222;przypnij&#8221;, &#8222;polub to&#8221;, &#8222;podziel si\u0119&#8221;) w mediach spo\u0142eczno\u015bciowych, jak Facebook, WhatsApp i Instagram. Ta tre\u015b\u0107 jest osadzona kodem pochodz\u0105cym z Facebook, WhatsApp i Instagram i umieszcza pliki cookies. Ta tre\u015b\u0107 mo\u017ce przechowywa\u0107 i przetwarza\u0107 pewne informacje na potrzeby spersonalizowanych reklam.<\/p>\n<p>Przeczytaj o\u015bwiadczenie o ochronie prywatno\u015bci tych sieci spo\u0142eczno\u015bciowych (kt\u00f3re mog\u0105 si\u0119 regularnie zmienia\u0107), aby dowiedzie\u0107 si\u0119, co robi\u0105 z twoimi (osobistymi) danymi, kt\u00f3re przetwarzaj\u0105 za pomoc\u0105 tych plik\u00f3w cookie. Odzyskiwane dane s\u0105 w miar\u0119 mo\u017cliwo\u015bci anonimizowane. Sieci spo\u0142eczno\u015bciowe Facebook, WhatsApp i Instagram s\u0105 zlokalizowane w Stanach Zjednoczonych.<\/p>\n<p><strong>6. Zgoda<\/strong><br \/>Kiedy odwiedzasz nasz\u0105 stron\u0119 po raz pierwszy, poka\u017cemy Ci wyskakuj\u0105ce okienko z wyja\u015bnieniem dotycz\u0105cym plik\u00f3w cookie. Korzystanie z plik\u00f3w cookie mo\u017ce zosta\u0107 wy\u0142\u0105czone za po\u015brednictwem przegl\u0105darki, ale pami\u0119taj, \u017ce nasza witryna mo\u017ce ju\u017c nie dzia\u0142a\u0107 poprawnie.<\/p>\n<p>7. W\u0142\u0105czanie \/ wy\u0142\u0105czanie i usuwanie plik\u00f3w cookie<br \/>Mo\u017cesz u\u017cy\u0107 przegl\u0105darki internetowej do automatycznego lub r\u0119cznego usuwania plik\u00f3w cookie. Mo\u017cesz r\u00f3wnie\u017c okre\u015bli\u0107, \u017ce niekt\u00f3re pliki cookie mog\u0105 nie by\u0107 umieszczane. Inn\u0105 opcj\u0105 jest zmiana ustawie\u0144 przegl\u0105darki internetowej, tak aby otrzymywa\u0107 komunikat za ka\u017cdym razem, gdy plik cookie zostanie umieszczony. Aby uzyska\u0107 wi\u0119cej informacji na temat tych opcji, zapoznaj si\u0119 z instrukcjami w sekcji pomocy przegl\u0105darki.<\/p>\n<p>Pami\u0119taj, \u017ce nasza witryna mo\u017ce nie dzia\u0142a\u0107 poprawnie, je\u015bli wszystkie pliki cookie s\u0105 wy\u0142\u0105czone. Je\u015bli usuniesz pliki cookie w swojej przegl\u0105darce, zostan\u0105 one ponownie umieszczone po wyra\u017ceniu zgody podczas ponownego odwiedzania naszych stron internetowych.<\/p>\n<p>8. Twoje prawa w odniesieniu do danych osobowych<br \/>Masz nast\u0119puj\u0105ce prawa w odniesieniu do swoich danych osobowych:<\/p>\n<p>Masz prawo wiedzie\u0107, dlaczego Twoje dane osobowe s\u0105 potrzebne, co si\u0119 z nimi stanie i jak d\u0142ugo b\u0119d\u0105 przechowywane.<br \/>Prawo dost\u0119pu: masz prawo dost\u0119pu do znanych nam danych osobowych.<br \/>Prawo do sprostowania: masz prawo do uzupe\u0142nienia, poprawienia, usuni\u0119cia lub zablokowania danych osobowych w dowolnym momencie.<br \/>Je\u015bli wyrazisz zgod\u0119 na przetwarzanie swoich danych, masz prawo odwo\u0142a\u0107 t\u0119 zgod\u0119 i usun\u0105\u0107 swoje dane osobowe.<br \/>Prawo do przekazywania danych: masz prawo za\u017c\u0105da\u0107 od administratora wszystkich swoich danych osobowych i przekaza\u0107 je w ca\u0142o\u015bci innemu kontrolerowi.<br \/>Prawo do sprzeciwu: mo\u017cesz sprzeciwi\u0107 si\u0119 przetwarzaniu danych. Przestrzegamy tego, chyba \u017ce istniej\u0105 uzasadnione podstawy do przetwarzania.<br \/>Aby skorzysta\u0107 z tych praw, skontaktuj si\u0119 z nami. Prosz\u0119 odnie\u015b\u0107 si\u0119 do danych kontaktowych na dole tego o\u015bwiadczenia cookie. Je\u015bli masz skarg\u0119 dotycz\u0105c\u0105 sposobu post\u0119powania z Twoimi danymi, chcieliby\u015bmy us\u0142ysze\u0107 od Ciebie, ale masz r\u00f3wnie\u017c prawo z\u0142o\u017cy\u0107 skarg\u0119 do organu nadzorczego (organu ochrony danych).<\/p>\n<p>9. Dane kontaktowe<br \/>W przypadku pyta\u0144 i \/ lub komentarzy dotycz\u0105cych naszej polityki dotycz\u0105cej plik\u00f3w cookie i tego o\u015bwiadczenia, prosimy o kontakt z nami za pomoc\u0105 nast\u0119puj\u0105cych danych kontaktowych:<\/p>\n<p>Bran\u017cowe Centrum Umiej\u0119tno\u015bci w Reszlu<br \/>Ul. Wojska Polskiego 3A, Reszel,<br \/>Polska<br \/>Witryna internetowa: https:\/\/bcu-reszel.pl<br \/>Adres e-mail: biuro@bcu-reszel.pl<br \/>Telefon: +48 88 751 00 40<\/p>\n<p>[\/et_pb_text][\/et_pb_column][\/et_pb_row][\/et_pb_section]<\/p>\n","protected":false},"excerpt":{"rendered":"<p>Witaj na naszej stronie! Chcieliby\u015bmy podzieli\u0107 si\u0119 z Tob\u0105 pewnymi informacjami dotycz\u0105cymi plik\u00f3w cookie, kt\u00f3re wykorzystujemy, aby zapewni\u0107 Ci najlepsze do\u015bwiadczenie podczas korzystania z naszej witryny. Pliki cookie s\u0105 ma\u0142ymi plikami tekstowymi umieszczanymi na Twoim urz\u0105dzeniu podczas odwiedzania strony internetowej. Dzia\u0142a to podobnie jak magiczna r\u00f3\u017cd\u017cka, pomagaj\u0105c nam zrozumie\u0107 Twoje preferencje i dostosowa\u0107 nasz\u0105 stron\u0119 [&hellip;]<\/p>\n","protected":false},"author":1,"featured_media":0,"parent":0,"menu_order":0,"comment_status":"closed","ping_status":"closed","template":"","meta":{"_et_pb_use_builder":"on","_et_pb_old_content":"","_et_gb_content_width":"","footnotes":""},"class_list":["post-131","page","type-page","status-publish","hentry"],"_links":{"self":[{"href":"https:\/\/bcu-reszel.pl\/index.php\/wp-json\/wp\/v2\/pages\/131","targetHints":{"allow":["GET"]}}],"collection":[{"href":"https:\/\/bcu-reszel.pl\/index.php\/wp-json\/wp\/v2\/pages"}],"about":[{"href":"https:\/\/bcu-reszel.pl\/index.php\/wp-json\/wp\/v2\/types\/page"}],"author":[{"embeddable":true,"href":"https:\/\/bcu-reszel.pl\/index.php\/wp-json\/wp\/v2\/users\/1"}],"replies":[{"embeddable":true,"href":"https:\/\/bcu-reszel.pl\/index.php\/wp-json\/wp\/v2\/comments?post=131"}],"version-history":[{"count":5,"href":"https:\/\/bcu-reszel.pl\/index.php\/wp-json\/wp\/v2\/pages\/131\/revisions"}],"predecessor-version":[{"id":158,"href":"https:\/\/bcu-reszel.pl\/index.php\/wp-json\/wp\/v2\/pages\/131\/revisions\/158"}],"wp:attachment":[{"href":"https:\/\/bcu-reszel.pl\/index.php\/wp-json\/wp\/v2\/media?parent=131"}],"curies":[{"name":"wp","href":"https:\/\/api.w.org\/{rel}","templated":true}]}}